umber?
False
Is 3691 a prime number?
True
Is 1182073 a prime number?
True
Is 9938 composite?
True
Is 11359 prime?
False
Is 128143 a composite number?
True
Is 14914 composite?
True
Is 530501 a prime number?
True
Is 205805 composite?
True
Is 25591 a prime number?
False
Is 2209 composite?
True
Is 6778 a prime number?
False
Is 54193 a prime number?
True
Is 20203 a prime number?
False
Is 709381 a prime number?
True
Is 1419439 a composite number?
True
Is 67109 composite?
True
Is 120283 a composite number?
False
Is 251 a prime number?
True
Is 1572581 prime?
False
Is 333323 prime?
True
Is 146957 prime?
False
Is 2602579 a prime number?
False
Is 3251 prime?
True
Is 54683 composite?
True
Is 106259 composite?
True
Is 1197734 composite?
True
Is 12653 prime?
True
Is 5419 a composite number?
False
Is 399353 composite?
False
Is 30757 composite?
False
Is 3155 composite?
True
Is 1857 prime?
False
Is 12394 a composite number?
True
Is 120493 prime?
False
Is 2473 composite?
False
Is 84497 a prime number?
False
Is 150209 composite?
False
Is 110857 a prime number?
False
Is 11197 a prime number?
True
Is 1463635 composite?
True
Is 6347 a prime number?
False
Is 118705 prime?
False
Is 265079 a composite number?
False
Is 7666 composite?
True
Is 679 composite?
True
Is 199999 prime?
True
Is 4121 composite?
True
Is 355 a prime number?
False
Is 8371 a composite number?
True
Is 2927 prime?
True
Is 3989 composite?
False
Is 165379 a composite number?
False
Is 50801 a composite number?
True
Is 697 a composite number?
True
Is 1768367 prime?
True
Is 40805 a prime number?
False
Is 792853 a composite number?
True
Is 7013 prime?
True
Is 82651 prime?
True
Is 602453 prime?
True
Is 959143 a prime number?
True
Is 557381 a composite number?
True
Is 208927 prime?
True
Is 49297 a prime number?
True
Is 204643 a prime number?
False
Is 484285 prime?
False
Is 23007 a prime number?
False
Is 149983 a composite number?
True
Is 127073 a prime number?
False
Is 109523 composite?
True
Is 113261 a prime number?
False
Is 38851 a prime number?
True
Is 177491 a prime number?
False
Is 2399 composite?
False
Is 171007 composite?
False
Is 138053 a composite number?
False
Is 182333 a composite number?
False
Is 4271 prime?
True
Is 789397 a prime number?
False
Is 111301 a prime number?
True
Is 337 a composite number?
False
Is 401891 a composite number?
True
Is 98401 a prime number?
False
Is 88513 prime?
True
Is 131667 a composite number?
True
Is 871 prime?
False
Is 7379 a composite number?
True
Is 537221 composite?
False
Is 17891 composite?
False
Is 2741 a composite number?
False
Is 5951 a prime number?
False
Is 15877 composite?
False
Is 94517 a prime number?
False
Is 24571 composite?
False
Is 36247 a composite number?
True
Is 99277 a prime number?
True
Is 283863 prime?
False
Is 220669 a prime number?
False
Is 314799 a composite number?
True
Is 3421 a composite number?
True
Is 99461 a prime number?
False
Is 154903 a composite number?
True
Is 443 a prime number?
True
Is 269749 composite?
False
Is 642359 a prime number?
True
Is 132631 a prime number?
True
Is 5161 a prime number?
False
Is 176017 composite?
False
Is 5713 a prime number?
False
Is 8069 a composite number?
False
Is 8623 prime?
True
Is 77069 a prime number?
True
Is 32393 composite?
True
Is 5167 composite?
False
Is 3293071 a composite number?
True
Is 9287 prime?
False
Is 128147 composite?
False
Is 1354637 prime?
True
Is 6179 composite?
True
Is 5557 prime?
True
Is 27479 composite?
False
Is 3151 prime?
False
Is 48437 a prime number?
True
Is 10313 a composite number?
False
Is 108263 a composite number?
False
Is 267181 a composite number?
True
Is 1811039 a prime number?
False
Is 114469 composite?
True
Is 2321 composite?
True
Is 291077 prime?
True
Is 5079 composite?
True
Is 280237 prime?
False
Is 2579 composite?
False
Is 32114 a prime number?
False
Is 14667 composite?
True
Is 189403 composite?
True
Is 27299 prime?
True
Is 4919 a prime number?
True
Is 40961 a composite number?
False
Is 132563 prime?
False
Is 8081 a prime number?
True
Is 469083 a composite number?
True
Is 2927 a composite number?
False
Is 582931 prime?
True
Is 575569 a prime number?
False
Is 13267 a composite number?
False
Is 1151 a prime number?
True
Is 1261 a composite number?
True
Is 19937 a composite number?
False
Is 2281 a composite number?
False
Is 4417267 a prime number?
True
Is 14969 a prime number?
True
Is 185939 composite?
True
Is 255579 prime?
False
Is 57679 a prime number?
True
Is 6557 a prime number?
False
Is 156301 a prime number?
False
Is 173341 prime?
False
Is 443 a prime number?
True
Is 370153 a composite number?
True
Is 32297 a composite number?
False
Is 379261 composite?
True
Is 177535 a prime number?
False
Is 50951 prime?
True
Is 411695 prime?
False
Is 353 a prime number?
True
Is 29005 a composite number?
True
Is 28177 prime?
False
Is 77681 prime?
True
Is 10799 prime?
True
Is 21457 composite?
True
Is 4106 composite?
True
Is 138679 a composite number?
False
Is 140599 a prime number?
False
Is 54049 composite?
False
Is 61507 a prime number?
True
Is 284969 composite?
False
Is 772859 prime?
True
Is 232293 composite?
True
Is 2991 prime?
False
Is 19235 a prime number?
False
Is 552193 composite?
False
Is 46573 composite?
False
Is 526899 a prime number?
False
Is 102229 a composite number?
False
Is 6071 a prime number?
False
Is 178795 a composite number?
True
Is 141077 a composite number?
True
Is 70037 a prime number?
False
Is 684397 a composite number?
True
Is 563 a prime number?
True
Is 12071 a prime number?
True
Is 841 composite?
True
Is 2723905 a composite number?
True
Is 10685 composite?
True
Is 489 a composite number?
True
Is 16139 prime?
True
Is 2321 composite?
True
Is 91673 a composite number?
False
Is 172307 prime?
True
Is 30869 a prime number?
True
Is 11599 a composite number?
True
Is 10997 a composite number?
True
Is 713 a prime number?
False
Is 233591 composite?
False
Is 352721 composite?
True
Is 15191 prime?
False
Is 331739 composite?
False
Is 346699 a composite number?
False
Is 99223 composite?
False
Is 320081 a prime number?
True
Is 165805 a composite number?
True
Is 487 a composite number?
False
Is 1901 composite?
False
Is 806583 a prime number?
False
Is 97766 a composite number?
True
Is 156701 a prime number?
False
Is 337253 a prime number?
False
Is 13217 prime?
True
Is 3079 a composite number?
False
Is 3793 composite?
False
Is 901841 prime?
True
Is 79363 a composite number?
True
Is 112813 a prime number?
False
Is 30529 a composite number?
False
Is 16619 composite?
False
Is 3617395 a composite number?
True
Is 5731 composite?
True
Is 45491 a composite number?
False
Is 587 prime?
True
Is 90757 composite?
True
Is 99887 prime?
False
Is 359735 a prime number?
False
Is 467 a composite number?
False
Is 467 prime?
True
Is 587927 a prime number?
True
Is 277159 prime?
False
Is 537205 a composite number?
True
Is 27041 composite?
True
Is 620777 a prime number?
True
Is 479 a composite number?
False
Is 13309 a composite number?
False
Is 45703 a prime number?
False
Is 25639 composite?
False
Is 181603 a composite number?
False
Is 153093 prime?
False
Is 239297 a prime number?
True
Is 485453 prime?
False
Is 211927 a composite number?
False
Is 249419 prime?
True
Is 40213 prime?
True
Is 8953 a composite number?
True
Is 11643 composite?
True
Is 6001 prime?
False
Is 350309 a prime number?
False
Is 36571 a composite number?
False
Is 583 a composite number?
True
Is 33926 prime?
False
Is 1577 a prime number?
False
Is 44329 prime?
False
Is 18514 composite?
True
Is 27179 a composite number?
False
Is 68857 a prime number?
False
Is 6385 a prime number?
False
Is 285883 prime?
False
Is 147629 a prime number?
True
Is 1434677 composite?
False
Is 606997 prime?
True
Is 2679553 prime?
True
Is 242069 a composite number?
False
Is 458461 prime?
False
Is 1399 a composite number?
False
Is 955697 a composite number?
False
Is 361069 a composite number?
False
Is 240433 prime?
True
Is 17819 prime?
False
Is 120233 composite?
False
Is 8653 composite?
True
Is 90878 a composite number?
True
Is 14369 a prime number?
True
Is 2243 a composite number?
False
Is 56311 composite?
False
Is 387874 composite?
True
Is 91717 a prime number?
False
Is 6281 a composite number?
True
Is 3817 a prime number?
False
Is 17783 compo